3, 29, 41
What are the prime factors of 838?
2, 419
What are the prime factors of 35?
5, 7
List the prime factors of 2618.
2, 7, 11, 17
What are the prime factors of 782?
2, 17, 23
List the prime factors of 1543.
1543
What are the prime factors of 10172?
2, 2543
What are the prime factors of 12281?
12281
What are the prime factors of 2559?
3, 853
What are the prime factors of 398?
2, 199
What are the prime factors of 989?
23, 43
List the prime factors of 1005.
3, 5, 67
List the prime factors of 170.
2, 5, 17
List the prime factors of 24464.
2, 11, 139
List the prime factors of 67883.
67883
What are the prime factors of 18611?
37, 503
List the prime factors of 18126.
2, 3, 19, 53
What are the prime factors of 454?
2, 227
What are the prime factors of 6235?
5, 29, 43
List the prime factors of 121963.
121963
What are the prime factors of 459?
3, 17
List the prime factors of 953.
953
What are the prime factors of 3794?
2, 7, 271
List the prime factors of 1036.
2, 7, 37
List the prime factors of 2361.
3, 787
List the prime factors of 1738.
2, 11, 79
List the prime factors of 10799.
10799
List the prime factors of 714.
2, 3, 7, 17
List the prime factors of 3923.
3923
List the prime factors of 1164.
2, 3, 97
List the prime factors of 138904.
2, 97, 179
What are the prime factors of 2637?
3, 293
What are the prime factors of 428?
2, 107
List the prime factors of 9526.
2, 11, 433
What are the prime factors of 4496?
2, 281
List the prime factors of 29083.
127, 229
What are the prime factors of 811?
811
List the prime factors of 594.
2, 3, 11
List the prime factors of 3435.
3, 5, 229
What are the prime factors of 8559?
3, 317
What are the prime factors of 2866?
2, 1433
What are the prime factors of 17411?
23, 757
What are the prime factors of 61563?
3, 20521
What are the prime factors of 46308?
2, 3, 17, 227
List the prime factors of 17947.
131, 137
List the prime factors of 6857.
6857
What are the prime factors of 557?
557
What are the prime factors of 2069?
2069
What are the prime factors of 6232?
2, 19, 41
List the prime factors of 100.
2, 5
List the prime factors of 2061.
3, 229
What are the prime factors of 51817?
51817
List the prime factors of 3362.
2, 41
What are the prime factors of 7513?
11, 683
What are the prime factors of 5256?
2, 3, 73
What are the prime factors of 1125?
3, 5
What are the prime factors of 109794?
2, 3, 29, 631
List the prime factors of 19700.
2, 5, 197
What are the prime factors of 368?
2, 23
What are the prime factors of 16609?
17, 977
What are the prime factors of 39579?
3, 79, 167
List the prime factors of 6441.
3, 19, 113
What are the prime factors of 7604?
2, 1901
What are the prime factors of 59268?
2, 3, 11, 449
What are the prime factors of 682?
2, 11, 31
List the prime factors of 68425.
5, 7, 17, 23
What are the prime factors of 2656?
2, 83
List the prime factors of 9347.
13, 719
List the prime factors of 9954.
2, 3, 7, 79
List the prime factors of 3053.
43, 71
List the prime factors of 177.
3, 59
List the prime factors of 573.
3, 191
List the prime factors of 912.
2, 3, 19
List the prime factors of 2854.
2, 1427
What are the prime factors of 1816?
2, 227
List the prime factors of 135905.
5, 7, 11, 353
What are the prime factors of 3751?
11, 31
List the prime factors of 5197.
5197
What are the prime factors of 35117?
35117
What are the prime factors of 9083?
31, 293
What are the prime factors of 14806?
2, 11, 673
List the prime factors of 2136.
2, 3, 89
List the prime factors of 30267.
3, 19, 59
List the prime factors of 4987.
4987
What are the prime factors of 27210?
2, 3, 5, 907
List the prime factors of 4766.
2, 2383
List the prime factors of 2187.
3
What are the prime factors of 43565?
5, 8713
List the prime factors of 657.
3, 73
What are the prime factors of 127587?
3, 71, 599
List the prime factors of 7969.
13, 613
What are the prime factors of 5075?
5, 7, 29
List the prime factors of 17359.
17359
What are the prime factors of 759?
3, 11, 23
List the prime factors of 19758.
2, 3, 37, 89
What are the prime factors of 103542?
2, 3, 17257
List the prime factors of 1980.
2, 3, 5, 11
What are the prime factors of 1134?
2, 3, 7
What are the prime factors of 4403?
7, 17, 37
List the prime factors of 1017.
3, 113
List the prime factors of 14176.
2, 443
What are the prime factors of 14094?
2, 3, 29
What are the prime factors of 8204?
2, 7, 293
What are the prime factors of 22511?
22511
List the prime factors of 1194.
2, 3, 199
What are the prime factors of 578?
2, 17
List the prime factors of 35464.
2, 11, 13, 31
What are the prime factors of 5021?
5021
What are the prime factors of 2451?
3, 19, 43
What are the prime factors of 19776?
2, 3, 103
What are the prime factors of 61892?
2, 15473
List the prime factors of 1462.
2, 17, 43
List the prime factors of 1885.
5, 13, 29
List the prime factors of 4985.
5, 997
What are the prime factors of 1685?
5, 337
What are the prime factors of 2377?
2377
List the prime factors of 13917.
3, 4639
What are the prime factors of 6058?
2, 13, 233
List the prime factors of 2063.
2063
What are the prime factors of 241?
241
List the prime factors of 69136.
2, 29, 149
What are the prime factors of 17049?
3, 5683
List the prime factors of 3154.
2, 19, 83
What are the prime factors of 931?
7, 19
List the prime factors of 79346.
2, 97, 409
What are the prime factors of 10893?
3, 3631
What are the prime factors of 2396?
2, 599
What are the prime factors of 46393?
17, 2729
List the prime factors of 18055.
5, 23, 157
What are the prime factors of 29514?
2, 3, 4919
What are the prime factors of 1153?
1153
What are the prime factors of 75288?
2, 3, 3137
What are the prime factors of 765?
3, 5, 17
List the prime factors of 53358.
2, 3, 8893
List the prime factors of 175.
5, 7
List the prime factors of 2290.
2, 5, 229
What are the prime factors of 154191?
3, 103, 499
What are the prime factors of 32371?
32371
What are the prime factors of 5215?
5, 7, 149
List the prime factors of 1665.
3, 5, 37
List the prime factors of 483.
3, 7, 23
List the prime factors of 56967.
3, 17, 1117
List the prime factors of 1295.
5, 7, 37
List the prime factors of 3944.
2, 17, 29
What are the prime factors of 447?
3, 149
List the prime factors of 3884.
2, 971
List the prime factors of 5166.
2, 3, 7, 41
What are the prime factors of 69571?
29, 2399
List the prime factors of 3127.
53, 59
What are the prime factors of 77027?
17, 23, 197
What are the prime factors of 92740?
2, 5, 4637
List the prime factors of 187.
11, 17
What are the prime factors of 7349?
7349
What are the prime factors of 514?
2, 257
List the prime factors of 3023.
3023
List the prime factors of 36537.
3, 19, 641
List the prime factors of 29025.
3, 5, 43
List the prime factors of 1773.
3, 197
What are the prime factors of 9478?
2, 7, 677
What are the prime factors of 1082?
2, 541
List the prime factors of 1492.
2, 373
What are the prime factors of 80583?
3, 26861
List the prime factors of 6641.
29, 229
List the prime factors of 119858.
2, 59929
List the prime factors of 4475.
5, 179
What are the prime factors of 4659?
3, 1553
List the prime factors of 663.
3, 13, 17
What are the prime factors of 846?
2, 3, 47
List the prime factors of 3885.
3, 5, 7, 37
What are the prime factors of 1360?
2, 5, 17
What are the prime factors of 241?
241
List the prime factors of 1431.
3, 53
What are the prime factors of 368?
2, 23
List the prime factors of 12228.
2, 3, 1019
What are the prime factors of 1511?
1511
What are the prime factors of 30122?
2, 15061
List the prime factors of 10790.
2, 5, 13, 83
List the prime factors of 16339.
16339
List the prime factors of 60610.
2, 5, 11, 19, 29
List the prime factors of 4456.
2, 557
What are the prime factors of 3610?
2, 5, 19
What are the prime factors of 4876?
2, 23, 53
What are the prime factors of 20300?
2, 5, 7, 29
List the prime factors of 796.
2, 199
What are the prime factors of 191?
191
List the prime factors of 1513.
17, 89
What are the prime factors of 3992?
2, 499
List the prime factors of 25852.
2, 23, 281
List the prime factors of 143549.
7, 20507
List the prime factors of 2540.
2, 5, 127
List the prime factors of 811.
811
List the prime factors of 17794.
2, 7, 31, 41
What are the prime factors of 349?
349
